?
470
In base 15, what is 24 - 2?
22
In base 9, what is -4 + -527?
-532
In base 10, what is 16 - 94?
-78
In base 2, what is 11 - -1111110?
10000001
In base 4, what is 101 - -31103?
31210
In base 12, what is 1 + 36?
37
In base 8, what is -661 + 3?
-656
In base 7, what is 51 + 10?
61
In base 3, what is -10 - 211?
-221
In base 13, what is -b - 13?
-21
In base 10, what is 238 - 74?
164
In base 7, what is -46 - 0?
-46
In base 11, what is -26 - -a8?
82
In base 3, what is -1022 + 0?
-1022
In base 7, what is -23 - 423?
-446
In base 12, what is -9 + 44b?
442
In base 13, what is 0 + 54?
54
In base 4, what is -11 - -1012311?
1012300
In base 11, what is -6 - -48?
42
In base 14, what is 18 + 7?
21
In base 2, what is 10001111 - -110?
10010101
In base 2, what is -10 + -100111?
-101001
In base 5, what is -203 + -23?
-231
In base 15, what is -2aa0 + 4?
-2a9b
In base 3, what is -1110 - 21?
-1201
In base 16, what is 4 - -39?
3d
In base 7, what is 5 + 3?
11
In base 11, what is 47 + 10?
57
In base 16, what is -2 - -1150?
114e
In base 2, what is -10 + 10001?
1111
In base 15, what is 5 + dd3?
dd8
In base 13, what is -36 - 0?
-36
In base 3, what is -100 + 22?
-1
In base 8, what is -237 - -25?
-212
In base 12, what is 3 + 232?
235
In base 5, what is 2 - 111?
-104
In base 12, what is -5 - -50?
47
In base 6, what is 4 - -35?
43
In base 6, what is -3 - -54451?
54444
In base 2, what is 10000011001000 - -100?
10000011001100
In base 7, what is 340 + 6?
346
In base 8, what is -4 - 422?
-426
In base 13, what is -9b4 + -7?
-9bb
In base 3, what is 12 + -1100?
-1011
In base 3, what is -111101 - -20?
-111011
In base 5, what is -411033 - 1?
-411034
In base 8, what is -23 + -22?
-45
In base 8, what is -34 + -13?
-47
In base 15, what is 6be - 0?
6be
In base 3, what is -1221001 + 10?
-1220221
In base 5, what is 10 - -423?
433
In base 16, what is 459 - b?
44e
In base 3, what is 211100 - -1000?
212100
In base 13, what is -5 - -756?
751
In base 4, what is 10000 - -11?
10011
In base 15, what is -5 - 16?
-1b
In base 7, what is 0 + -553?
-553
In base 10, what is 4 + -97?
-93
In base 10, what is 5 - 4485?
-4480
In base 2, what is 111001 + -11?
110110
In base 4, what is -1 - 1001?
-1002
In base 10, what is 161 - 14?
147
In base 13, what is -2 - -36?
34
In base 16, what is -f5a - -1?
-f59
In base 4, what is 1302 - 20?
1222
In base 6, what is -31 - -10?
-21
In base 4, what is -11 + 111?
100
In base 8, what is -565 + -1?
-566
In base 3, what is 10 - 1011111?
-1011101
In base 15, what is -4 - b8?
-bc
In base 8, what is 1567 + -5?
1562
In base 3, what is -11 - -1202?
1121
In base 6, what is -1 + -31322?
-31323
In base 4, what is 330 + 110?
1100
In base 6, what is -15 + -1104?
-1123
In base 9, what is 130 + -57?
62
In base 6, what is -1 - 2113?
-2114
In base 14, what is -544 + -9?
-54d
In base 14, what is -20a - 4?
-210
In base 11, what is -28 + 63?
36
In base 3, what is -2220 - 220?
-10210
In base 9, what is 4108 + 4?
4113
In base 14, what is 1 + 531?
532
In base 12, what is -201 + 19?
-1a4
In base 8, what is -13 - -101?
66
In base 15, what is -15 - 5?
-1a
In base 4, what is 1 - -233?
300
In base 13, what is -3 - -3?
0
In base 9, what is 6 - -114?
121
In base 7, what is 261 + 2?
263
In base 4, what is 0 + -2101?
-2101
In base 3, what is 1010 + -2?
1001
In base 11, what is -1221 - 0?
-1221
In base 8, what is -177 - 5?
-204
In base 6, what is -3 + 1222?
1215
In base 12, what is -235 - 5?
-23a
In base 15, what is -b8 + 4?
-b4
In base 12, what is 31 + -3?
2a
In base 2, what is -110110010 + 1001?
-110101001
In base 11, what is -17 + -108?
-124
In base 2, what is -11 - 100011000001?
-100011000100
In base 8, what is 1246 - -1?
1247
In base 4, what is -1003 + -200?
-1203
In base 9, what is -15 + -34?
-50
In base 2, what is -100 + -10110?
-11010
In base 9, what is -4 + 308?
304
In base 3, what is 2 - 11020?
-11011
In base 15, what is 3c - -7?
44
In base 12, what is -94 + -1?
-95
In base 16, what is 960 + -5?
95b
In base 7, what is -2 - 64?
-66
In base 16, what is 841e - 5?
8419
In base 4, what is 0 - -3033?
3033
In base 5, what is -12132 - -1?
-12131
In base 16, what is 14 - 9a?
-86
In base 8, what is 155 - 224?
-47
In base 3, what is -11 - -120012?
120001
In base 16, what is -5 + e9?
e4
In base 4, what is 1310 + -2?
1302
In base 7, what is 2 + 23134?
23136
In base 5, what is -10 - 2030?
-2040
In base 11, what is -4 + -92?
-96
In base 11, what is -591 + 4?
-588
In base 4, what is 101 - -33?
200
In base 11, what is 2a + -5?
25
In base 15, what is -1 + 47?
46
In base 7, what is -253 + 3?
-250
In base 13, what is 6c - 4c?
20
In base 4, what is 23 + -102?
-13
In base 12, what is -2774 + 5?
-276b
In base 16, what is -68e - 2?
-690
In base 5, what is 3 + -1122?
-1114
In base 9, what is 4 - -808?
813
In base 8, what is -4 + 14?
10
In base 2, what is -111010001 - 101?
-111010110
In base 3, what is 1002 - -1201?
2210
In base 4, what is -1 - 3033?
-3100
In base 9, what is 34 + 171?
215
In base 16, what is 372 - 2?
370
In base 7, what is -36 - 44?
-113
In base 16, what is 55 - 7?
4e
In base 5, what is -3 + 30421?
30413
In base 9, what is -5 - 5605?
-5611
In base 8, what is 2 + -71?
-67
In base 2, what is 1101010 - -111?
1110001
In base 2, what is -1100 - 110?
-10010
In base 3, what is 20002110 + 2?
20002112
In base 4, what is -12 - -31?
13
In base 3, what is -11 - 11122?
-11210
In base 14, what is -11 + -79?
-8a
In base 10, what is 5 - -684?
689
In base 10, what is 8 + 9?
17
In base 13, what is -2 + 514?
512
In base 2, what is -11000111 - 101?
-11001100
In base 16, what is 165 - -4?
169
In base 4, what is -2000 - -10?
-1330
In base 11, what is -431 + -6?
-437
In base 3, what is -12 - 210000?
-210012
In base 5, what is 1 - -42214?
42220
In base 11, what is 21 + 16?
37
In base 3, what is 10 + -212?
-202
In base 9, what is -1082 - 1?
-1083
In base 12, what is 2 + 30?
32
In base 10, what is 77 + 5?
82
In base 6, what is -10 - 12?
-22
In base 4, what is -10 - -133230?
133220
In base 3, what is 22021122 + 12?
22021211
In base 10, what is -17 + -146?
-163
In base 8, what is 403 - 2?
401
In base 4, what is 1 - -30?
31
In base 10, what is -30 + 3?
-27
In base 16, what is -2 + -27?
-29
In base 15, what is -68 - 5?
-6d
In base 11, what is 7093 - 3?
7090
In base 11, what is -1 - 71?
-72
In base 10, what is 447 - -2?
449
In base 4, what is -2221 + 223?
-1332
In base 4, what is -1 - -332?
331
In base 15, what is -8 + 10?
7
In base 3, what is 0 + 10110?
10110
In base 8, what is 4721 - -1?
4722
In base 10, what is 27 - 31?
-4
In base 16, what is 223 + -2?
221
In base 5, what is -144044 + -4?
-144103
In base 13, what is -2 - 4b2?
-4b4
In base 4, what is -3 - -23?
20
In base 8, what is 1 + -734?
-733
In base 6, what is -552 - 25?
-1021
In base 15, what is -11c7 + 1?
-11c6
In base 12, what is -62 + 2?
-60
In base 11, what is 14 - -39?
52
In base 16, what is -1 + 2?
1
In base 7, what is 26 + 204?
233
In base 4, what is -12331 - 11?
-13002
In base 8, what is 52 - -1?
53
In base 14, what is -124 + -a?
-130
In base 3, what is 1000100 - 0?
1000100
In base 11, what is 19 - 108?
-9a
In base 11, what is -74 - -4?
-70
In base 2, what is -101 - 110011000101?
-110011001010
In base 3, what is -1021 + -2201?
-10222
In base 6, what is 1541 + -1?
1540
In base 2, what is -10 - 1001101?
-1001111
In base 15, what is -1 - -eb?
ea
In base 2, what is -101010 + -1010111101?
-1011100111
In base 15, what is -14 - bd?
-d2
In base 15, what is 3326 + 0?
3326
In base 14, what is -2 + -60?
-62
In base 11, what is 20305 + 5?
2030a
In base 8, what is -3 - -330?
325
In base 2, what is 10111011 - -111?
11000010
In base 11, what is -31 + 17?
-15
In base 11, what is -1a - 6?
-25
In base 7, what is 2 - 24?
-22
In base 5, what is -302 - -4?
-243
In base 4, what is -132 - 110?
-302
In base 13, what is 11 + 18?
29
In base 10, what is 3 - 433?
-430
In base 13, what is -ac - -5?
-a7
In base 14, what is 4 + 0?
4
In base 7, what is 3 + 106?
112
In base 15, what is 0 + 6d9?
6d9
In base 14, what is -2d8 + 16?
-2c2
In base 7, what is 1105 - 1?
1104
In base 11, what is 17 - -28?
44
In base 10, what is 2 - -18?
20
In base 9, what is -4774 + -5?
-4780
In base 4, what is 2 - -1303?
1311
In base 2, what is -111100001010 + 11?
-111100000111
In base 11, what is 4 + 703?
707
In base